{"id":4512,"date":"2022-01-31T16:08:47","date_gmt":"2022-01-31T15:08:47","guid":{"rendered":"https:\/\/casdzvolen.sk\/?page_id=4512"},"modified":"2024-11-29T20:51:59","modified_gmt":"2024-11-29T19:51:59","slug":"nasa-priroda","status":"publish","type":"page","link":"https:\/\/casdzvolen.sk\/?page_id=4512","title":{"rendered":"Na\u0161a pr\u00edroda"},"content":{"rendered":"<p style=\"font-size:18px;font-weight:bold\">Pr\u00edrodn\u00e9 kr\u00e1sy n\u00e1\u0161ho regi\u00f3nu<\/p>\nngg_shortcode_0_placeholder\n","protected":false},"excerpt":{"rendered":"<p>Pr\u00edrodn\u00e9 kr\u00e1sy n\u00e1\u0161ho regi\u00f3nu<\/p>\n","protected":false},"author":1,"featured_media":0,"parent":0,"menu_order":0,"comment_status":"closed","ping_status":"closed","template":"","meta":{"_monsterinsights_skip_tracking":false,"_monsterinsights_sitenote_active":false,"_monsterinsights_sitenote_note":"","_monsterinsights_sitenote_category":0,"ngg_post_thumbnail":0,"footnotes":""},"class_list":["post-4512","page","type-page","status-publish","hentry"],"aioseo_notices":[],"_links":{"self":[{"href":"https:\/\/casdzvolen.sk\/index.php?rest_route=\/wp\/v2\/pages\/4512","targetHints":{"allow":["GET"]}}],"collection":[{"href":"https:\/\/casdzvolen.sk\/index.php?rest_route=\/wp\/v2\/pages"}],"about":[{"href":"https:\/\/casdzvolen.sk\/index.php?rest_route=\/wp\/v2\/types\/page"}],"author":[{"embeddable":true,"href":"https:\/\/casdzvolen.sk\/index.php?rest_route=\/wp\/v2\/users\/1"}],"replies":[{"embeddable":true,"href":"https:\/\/casdzvolen.sk\/index.php?rest_route=%2Fwp%2Fv2%2Fcomments&post=4512"}],"version-history":[{"count":5,"href":"https:\/\/casdzvolen.sk\/index.php?rest_route=\/wp\/v2\/pages\/4512\/revisions"}],"predecessor-version":[{"id":4522,"href":"https:\/\/casdzvolen.sk\/index.php?rest_route=\/wp\/v2\/pages\/4512\/revisions\/4522"}],"wp:attachment":[{"href":"https:\/\/casdzvolen.sk\/index.php?rest_route=%2Fwp%2Fv2%2Fmedia&parent=4512"}],"curies":[{"name":"wp","href":"https:\/\/api.w.org\/{rel}","templated":true}]}}